tors of i.
2, 3
Let a(t) = -t**2 + 5*t - 4. Let w be a(4). Suppose 0 = -w*s + 2*s - 10. Suppose s*z - 9 = 1. List the prime factors of z.
2
Suppose -43 - 97 = -5*f. List the prime factors of f.
2, 7
What are the prime factors of ((-195)/(-12) - 4)*12?
3, 7
Let x(s) be the first derivative of 2*s**3/3 - s**2 - 5*s - 7. What are the prime factors of x(4)?
19
Let n be 8/3*(-54)/(-24). Let r = -4 + n. What are the prime factors of r?
2
Let z be (-4)/(-1 - (-2 + 3)). Suppose k - 21 = -z*k. Let f(q) = q + 3. What are the prime factors of f(k)?
2, 5
Let c be 425/7 + (-6)/(-21). Let j = c - 35. What are the prime factors of j?
2, 13
Let u(h) = -14*h - 7. What are the prime factors of u(-5)?
3, 7
Suppose -5*p = 4*q - 488, -3*p = p - q - 403. List the prime factors of p.
2, 5
Suppose 2*v = 2*y - 18, v + 4*y + 27 = -2*v. What are the prime factors of (2/(-6) + -1)*v?
2, 3
What are the prime factors of (6*10)/1 - 4?
2, 7
List the prime factors of ((-12)/(-18))/(1/87).
2, 29
Let k be 7 + (-9)/3 - -1. Suppose -x + 29 = y, -k*x + 4*y + 129 = y. Let i = 38 - x. What are the prime factors of i?
11
Let f be 2 + 1*17/(-1). Let s be -3*(f/9 + 1). List the prime factors of s + 3 + (-1)/1.
2
Suppose 0 = 5*p - 5*l + 25, -2*l + 16 = -4*p + 2. What are the prime factors of (-141)/(-6) + p/(-4)?
2, 3
What are the prime factors of (34/(-8))/((-5)/20)?
17
Let c(t) be the second derivative of 1/2*t**3 - 3/2*t**2 + 3*t + 0. List the prime factors of c(4).
3
Suppose 332 = 61*j - 59*j. List the prime factors of j.
2, 83
Let h(p) = -p - 7. Let g(m) = -3*m - 14. Let b(n) = -2*g(n) + 5*h(n). Let a be b(9). What are the prime factors of 21/a - (-3)/6?
11
What are the prime factors of (-12480)/(-216) - 2/(-9)?
2, 29
Let c be (3/(-6))/(1/(-8)). Suppose 12 = 4*h - c*o, -h + 0*h - 3 = -3*o. What are the prime factors of h?
2, 3
Let x = 21 + -9. What are the prime factors of 13 + (x/3 - 1)?
2
Suppose l + 0*l - 1 = 0. What are the prime factors of 0/3 - -36*l?
2, 3
Let m(t) = -12*t - 41. What are the prime factors of m(-24)?
13, 19
Suppose 3*s - 4*s + 4 = 0. Suppose s*w = -5*x + 30, 2*w = -3*w + 3*x + 56. What are the prime factors of w?
2, 5
Suppose -3*w = -75 + 6. Let a = 4 - w. Let p = -11 - a. List the prime factors of p.
2
Let a(q) = 7 + 4*q**2 - 4*q**2 - 4*q**2 - 7*q. Let v(i) = -3*i**2 - 6*i + 6. Let u(s) = -6*a(s) + 7*v(s). List the prime factors of u(-1).
3
Let q be 7/(-14) + (-30)/(-4). Let g = q + 30. What are the prime factors of g?
37
Suppose -2*u = -0*u - 12. Let r be (3/u)/((-1)/(-4)). Suppose -r*q + 0 - 2 = 0, 2*q = 2*t - 22. What are the prime factors of t?
2, 5
Suppose 6*h - 42 = 3*h. List the prime factors of h.
2, 7
Suppose -130 = 6*f - 928. List the prime factors of f.
7, 19
Let f(o) = o + 1. Let h be f(1). Suppose -q = -h*q + 4. Suppose 2*y - 6 = -2*b - 0*y, -3*y - 47 = -q*b. List the prime factors of b.
2
List the prime factors of -9*(3/12)/((-18)/696).
3, 29
Suppose o - 1258 = -16*o. List the prime factors of o.
2, 37
Let u = 43 - 25. What are the prime factors of u?
2, 3
Suppose 3*v - 21 = 6*v. Let g(k) be the second derivative of -k**5/20 - k**4/2 + 7*k**3/6 + 9*k**2/2 + k. What are the prime factors of g(v)?
3
Suppose -4*x + 3*j = 0, 3*x = -2*x - 4*j. Suppose -3*z - 2*p = -23, 5 = 5*z - x*p - 5*p. Let t = z + -3. What are the prime factors of t?
2
Let t be (-8 - -1)/((-1)/2). List the prime factors of (-1950)/(-91) + (-6)/t.
3, 7
Suppose 5*k + 12 = 2*k, 0 = -2*m - 3*k - 6. Suppose 0 = -m*l + 18 + 39. List the prime factors of l.
19
Suppose 0 = -j - j - 4*w + 6, 4*w = -4. What are the prime factors of j?
5
Let a = 108 + -13. What are the prime factors of a?
5, 19
Let f(l) = -3*l**3 + 3*l**2 + 3*l. Let k be f(-4). Suppose 0*y = -y + k. What are the prime factors of y/20 - 2/5?
11
Suppose p - 73 = -2*b, p + b - 74 = -2. Let z = p + -31. Suppose -w + 19 = 2*c - 4, -z = -4*c + 4*w. What are the prime factors of c?
11
List the prime factors of (1 - (0 + 2))*-27.
3
Let g(b) = 148*b**2 - 2*b - 3. What are the prime factors of g(-1)?
3, 7
What are the prime factors of (13 - 10)/(2/22)?
3, 11
Let a(g) = 3*g**2 - 2*g + 1. Let t be a(2). Suppose t = z - 7. List the prime factors of z.
2
Suppose -2*c - 167 = -5*g, 3*g - c + 4*c - 96 = 0. Suppose -2*s + 3*b + 18 = 0, -4*s = -s + 4*b - 61. Let y = g - s. What are the prime factors of y?
2, 3
Let q(h) = -2*h - 7. Let z be (-19)/4 - (-1)/(-4). Let c be q(z). Let v(x) = 2*x**2 - 3*x + 1. What are the prime factors of v(c)?
2, 5
Let x = -8 - -6. List the prime factors of -1 + (5/1 - x).
2, 3
Suppose 50 = 2*v - 78. What are the prime factors of v?
2
Suppose -f = -c - 2, 4*c - 9 = -5*f + 19. Suppose 5*i + 5*x + 18 = 53, -2*x = 3*i - 24. Suppose 0 = -0*p - c*p + i. What are the prime factors of p?
5
Let i(l) = -5*l - 7. Let n be i(-7). Suppose 0*k - 3*k + 17 = -q, -4*q = 4*k - n. What are the prime factors of k?
2, 3
Let p(w) = -w**3 - 4*w**2. Let s be p(-4). Suppose -5*x + s = i + 6, x + 100 = 5*i. List the prime factors of i.
19
Suppose s - 3*c = -1 - 0, 0 = 4*s + 3*c - 11. List the prime factors of (s/(-3))/((-4)/102).
17
Let z(g) = g**2 - 5*g - 3. Let d be ((-10)/6 + 1)*-9. List the prime factors of z(d).
3
Suppose 0 = 2*d - 5*z - 69, d - 2*z = 2*d - 30. List the prime factors of d.
2
Suppose 2*o = -4 + 14. Let u(g) = 18*g**3 - g. Let m be u(1). Suppose 0 = -0*h - 2*h - 3*l + 13, h = -o*l + m. List the prime factors of h.
2
Suppose -4*l + 236 = 4*b, 3*l - 101 - 56 = b. What are the prime factors of l?
2, 3
Suppose -2*q - 4*n - 7 = q, 8 = -2*n. Let l be (-8)/1*-2 - 2. Suppose 4*b = -2*k + 24, 0 = -5*k + q*b - l + 48. List the prime factors of k.
2
Suppose -5*g + 24 = -s, -5*s - 43 + 15 = -2*g. Suppose 6*z = 3*j + 3*z - 24, g*z - 16 = 0. List the prime factors of j.
2, 3
What are the prime factors of ((-4)/((-8)/110))/1?
5, 11
Suppose g + 2*s + 20 = 6*g, g = 3*s + 17. Let z be (-2 + -1)/(4/(-12)). Suppose k = -g + z. What are the prime factors of k?
7
Let a = -10 - -6. Let s = a - -14. What are the prime factors of s?
2, 5
Let s(b) = -2*b - 13. Let z be (1 + 0)/((-2)/46). Let n = z + 13. List the prime factors of s(n).
7
Let b(u) = 2*u**2 - u - 2. Let p be b(2). Suppose 3*o = p*f + 28, -2*o = -0*f - f - 27. List the prime factors of o.
2
Suppose 27 = 2*g - 21. What are the prime factors of g?
2, 3
Let g(j) = j**2 + 2*j + 2. Let o be g(-2). Suppose -o*h + h = 1. What are the prime factors of (h + 4/6)*-15?
5
Let l(m) = -m**2 + 4*m + 4. Let k be l(4). Let x = 13 - k. What are the prime factors of x?
3
Let f be -5 + (2 - (1 - -1)). Let c = -10 + 17. Let g = c + f. List the prime factors of g.
2
Suppose 0 = -i + 1 - 0, 0 = 4*t - 2*i + 258. List the prime factors of (t/(-6))/((-16)/(-24)).
2
List the prime factors of (((-96)/30)/8)/((-1)/225).
2, 3, 5
Let j be (2/(-5))/(3/(-15)). Suppose -5*p + 14 = j*h - 4, 3 = -3*h. Suppose 39 = p*f - i, f = -i + 2*i + 6. What are the prime factors of f?
11
List the prime factors of 68/3*3 + 3.
71
List the prime factors of (-3 + 1)/((-18)/243).
3
Suppose 3*z + 2*b + 2*b = -28, z = -5*b - 24. List the prime factors of ((-10)/z)/(6/12).
5
Suppose -3*a + 35 = -2*n - 386, -554 = -4*a - n. What are the prime factors of a?
139
Suppose 0 = -4*i - 4*a + 448, -2*a + 4 = -0. What are the prime factors of i?
2, 5, 11
Let c = -70 + 103. Let l = -20 + c. List the prime factors of l.
13
Let z be 2/6 - 28/(-6). Let d(l) = l**2 + l - 6. Let a be d(z). Suppose -3*t = -2*r + 5*r - 18, -3*t - a = -3*r. List the prime factors of r.
7
Suppose 0 = -x + 407 - 139. What are the prime factors of x?
2, 67
Let v = -1 - -1. Let q(x) = 6*x**2 + v*x + 4 - 3 - x. What are the prime factors of q(1)?
2, 3
Suppose w + 2*u = 159, -u = -2*u + 5. Suppose 0 = -4*l + w - 45. What are the prime factors of l?
2, 13
Suppose -6 = m + 3. Let f(g) = -2*g - 5. What are the prime factors of f(m)?
13
Let l = 39 + -11. What are the prime factors of l*((-70)/8)/(-7)?
5, 7
Let x(o) = -o - 25. Let h be x(0). Let b = -17 - h. List the prime factors of b.
2
Let c = 9 + -6. Suppose 5*q = r - c*r + 4, 8 = 4*r + 2*q. What are the prime factors of r?
2
Let b = 6 - -10. Let w = b - -8. List the prime factors of w.
2, 3
Suppose 0 = -2*z - 4*i + 10, 0*i = -5*z + 5*i + 40. Let l = z - 4. What are the prime factors of l?
3
Let p(i) = -24*i. Let f be p(-1